e the prime factors of w?
2, 23
Suppose -1305 = -34*f + 49*f. Let a = 413 + f. List the prime factors of a.
2, 163
Suppose 5*g - 3*f - 5506 + 1816 = 0, -2*g = 3*f - 1455. Let j = g - 215. List the prime factors of j.
2, 5, 13
Suppose -7727720 = -119*u - 101*u. List the prime factors of u.
2, 7, 13, 193
List the prime factors of (1773 - -33) + (-3 - 14).
1789
Suppose -5*v = -6*v - 48. Let q = v - -55. Let a = 62 - q. What are the prime factors of a?
5, 11
Let q = 25926 + -15464. List the prime factors of q.
2, 5231
Let o(w) = 863*w - 523. List the prime factors of o(16).
5, 2657
Let b = 26128 - -14393. What are the prime factors of b?
3, 13, 1039
Let b(p) = 1499*p - 34. List the prime factors of b(1).
5, 293
Suppose -115*g + 1355202 = -2750611 + 1301078. What are the prime factors of g?
29
Suppose -31*t + 41132 = -18*t + 15*t. List the prime factors of t.
13, 113
Let y = 18 - 14. Let s be ((-5)/(-2 + 3))/(3 - y). Suppose 0 = -s*j + j + 216. What are the prime factors of j?
2, 3
Let b(a) = 2*a**2 - 69*a + 125. What are the prime factors of b(-33)?
2, 5, 229
List the prime factors of 26892 + (0 - (-12 + 8)) - -4.
2, 5, 269
Let r(i) = -2 + i + 18*i + 13 + 2. Let o be r(-4). Let h = -15 - o. List the prime factors of h.
2, 3
Let z(w) = 4*w**2 - 12*w + 8. Let s(m) = -m**3 - 7*m**2 - 8*m - 7. Let u be s(-6). Let t be z(u). Suppose -9*x = -12*x + t. List the prime factors of x.
2
Suppose 15*g - 42893 - 145042 = 0. List the prime factors of g.
11, 17, 67
Suppose 22*m - 4*m - 53*m + 225435 = 0. What are the prime factors of m?
3, 19, 113
Suppose 4*b + 4230 = 3*o, 523 = 2*o - 5*b - 2297. What are the prime factors of o?
2, 3, 5, 47
Let i = -1036 + 452. Let x = i + 1194. What are the prime factors of x?
2, 5, 61
Let b(k) = -k**3 + 44*k**2 + 60*k + 68. What are the prime factors of b(20)?
2, 11, 13, 19
Suppose -20*h + 2533 = -4847. Let l = 431 + h. List the prime factors of l.
2, 5
Let i = 15277 + -5642. List the prime factors of i.
5, 41, 47
Suppose 0 = -h + 1, 4*d - 35*h + 37*h - 18718 = 0. List the prime factors of d.
4679
Suppose -30*w + 407 = -19*w. Let m = w + 1264. What are the prime factors of m?
1301
Let x = 40 + 14. Let k = x + -54. Suppose k = -2*r + u + 261, 6*r - 2*u = 3*r + 391. What are the prime factors of r?
131
Let z be 1/((-7)/84*-4). Suppose -2*a = z*c - 1468, 0*a = -4*a - 2*c + 2952. What are the prime factors of a?
2, 5, 37
Let r(u) = 2*u**2 - 13*u + 7. Let m be r(6). List the prime factors of 1*(4/m + (-5 - -94)).
3, 31
Let b(s) = s**3 - 6*s**2 + 100*s + 18. What are the prime factors of b(7)?
13, 59
Let z be 6/(-14) + 5970/14. Let y = z + 109. Suppose 4*b + 187 - y = 0. What are the prime factors of b?
3, 29
Suppose -3*q + 3*o + 6 = 0, -13 = -5*q + 2*q - 4*o. Let p be (15 - 400/32)/(2/60). Suppose -q*r = -300 - p. What are the prime factors of r?
5
Let u(r) = 2*r + 10. Let k be u(13). Suppose k*i = 25*i + 792. What are the prime factors of i?
2, 3
Let q(i) = 8*i**3 + 44*i**2 - 29*i - 18. Let u(n) = -7*n**3 - 46*n**2 + 31*n + 19. Let w(j) = -4*q(j) - 5*u(j). List the prime factors of w(-18).
7, 97
Suppose -4*j + 15327 = 3*h - 24788, -5*h = -j + 10000. List the prime factors of j.
5, 401
Suppose 3*f = 4973 + 10822. Suppose 4*z + 27*x - 23*x = 7004, -3*z + f = -x. What are the prime factors of z?
2, 877
Let a be 6/(-14) - (3848/(-14))/2. Let j = -136 + a. Suppose 4*t - 416 = -2*y, 12*t - 13*t = -j. What are the prime factors of y?
2, 103
Let b(q) = q + 16. Let i be b(0). Suppose 3*s = -i*s + 10431. What are the prime factors of s?
3, 61
Suppose 42*i = 20*i + 66. Suppose -i*l + 5352 = 3*h - 4*l, -h - 3*l = -1794. List the prime factors of h.
3, 5, 7, 17
Let i = -67 + 74. Suppose -8 = i*c - 1. Let d = c + 50. List the prime factors of d.
7
Let l(j) = 4*j**2 + 2*j - 3. Let m = 149 + -157. List the prime factors of l(m).
3, 79
Suppose -29*b + 103648 + 1205909 = 84*b. List the prime factors of b.
3, 3863
Let v(q) = q + 1. Suppose -10*t = -7*t - 3. Let n(c) = 29*c**2 + 5*c - 3. Let h(o) = t*n(o) - 2*v(o). List the prime factors of h(2).
3, 13
Let q(g) = 9*g**2 + 68*g + 1128. List the prime factors of q(-32).
2, 1021
Let n = -3224 + 3227. Let c(z) = 3*z**3 + 3*z**2 - z - 3. Let s be c(3). Suppose -s - 552 = -n*o. List the prime factors of o.
2, 109
Let t = 231 + -432. Let j = -75 - t. Suppose j = g + 2*a + 22, -3*g + 296 = -2*a. What are the prime factors of g?
2, 5
List the prime factors of 4*(0 - -1) - 469*(-9 + -6).
7039
Let i = -20476 + 31542. List the prime factors of i.
2, 11, 503
Let i(n) = 44*n**2 - 69*n - 203. List the prime factors of i(-5).
2, 3, 23
Suppose 1 = -x + 18. Suppose q + 5*r - x = 0, -5*r = -q - 2 - 11. Suppose q*d - 84 = 148. What are the prime factors of d?
2, 29
Let o = 54 + -116. Let b = o - -349. What are the prime factors of b?
7, 41
Let v(f) = 14*f**2 + 6*f - 4. Suppose 2*g + 176 = -0*g. Let i = g - -91. List the prime factors of v(i).
2, 5, 7
Let y be 2 + ((-1)/2 - 5/10). Let j be (7/3 + y)*1*48. Let d = -108 + j. What are the prime factors of d?
2, 13
Let k(x) = 3*x - 55. Let b(h) = -8*h + 164. Let j(t) = 3*b(t) + 10*k(t). Suppose -192 = -15*i + 7*i. What are the prime factors of j(i)?
2, 43
Let m(s) = -9*s**3 + 2*s**2 + 2*s. Let g be 4/8*(6 - 2). Suppose -2 = -n - 4*d, -g*n = 3*n - 3*d + 13. What are the prime factors of m(n)?
2, 19
Let n(b) = 27*b**2 + 5*b + 16. Let z be n(6). Suppose 2*q - d - z = 0, 0 = -4*q - d + 551 + 1491. List the prime factors of q.
2, 3, 5, 17
Suppose -3*p = -x - 50669 - 30333, 5*p - 5*x = 135000. What are the prime factors of p?
13, 31, 67
Suppose -n + 7*n = 52360 + 31496. What are the prime factors of n?
2, 1747
Let q = -2334 - -6270. List the prime factors of q.
2, 3, 41
Let q = 51 + -48. Suppose -3*l = -2*m - 3*m - 736, -974 = -4*l + q*m. Suppose 3*h - h - l = 4*a, 5*h - 570 = 3*a. List the prime factors of h.
3, 37
Suppose 3*w - 4*v = -449, 5*w - 7*w + 4*v - 302 = 0. Let o = 263 - w. List the prime factors of o.
2, 5, 41
Let l = 52 + 1405. Let i = 2763 - l. What are the prime factors of i?
2, 653
List the prime factors of -7 - ((-70)/(-28))/((-2)/8780).
2, 3, 457
Let a(z) = -z**3 + 25*z**2 + 17*z - 29. What are the prime factors of a(21)?
2, 523
Suppose -119120 = -4*x + 3*k, 83*k = 2*x + 84*k - 59560. What are the prime factors of x?
2, 5, 1489
Let v = 597 + -553. Let x = v - -228. List the prime factors of x.
2, 17
Let w be 213/(((-2)/10)/(-1)). Suppose -15*y + w - 90 = 0. What are the prime factors of y?
5, 13
Suppose 40 = -13*i - 38. Let f(u) = -58*u + 14. List the prime factors of f(i).
2, 181
Let z = 9637 + 11016. What are the prime factors of z?
19, 1087
Let w(j) = 1252*j**2 + 110*j - 342. What are the prime factors of w(3)?
2, 3, 7, 67
Let a(p) = -2*p - 21. Let k = -4 + -8. Let i be a(k). Suppose 2*h - i*q - 50 = 0, -3*q + 75 = 4*h - h. List the prime factors of h.
5
Suppose -16 + 27 = -2*i - 5*l, 4*i - 18 = -2*l. Let h(d) = d**3 - 4*d**2 - 21*d + 10. What are the prime factors of h(i)?
2, 5
Let d(g) = g**2 + g + 1. Let o be d(0). Let i be (-2*o/1)/((-44)/66). Suppose 5*k - 570 = -5*w, i*k - 3*w = 261 + 69. What are the prime factors of k?
2, 7
Let p(l) = -80*l**2 - 14*l + 79*l**2 - 3*l + 21. What are the prime factors of p(-10)?
7, 13
Let i(c) = 119*c - 1. Let v be (-3)/((-6)/(-10))*-1. Suppose v*r + 5 + 5 = 5*q, -q - r = 0. List the prime factors of i(q).
2, 59
Suppose -2*n + 1440 = 10*n. Let g = n + 528. What are the prime factors of g?
2, 3
Suppose 2*x = 3*x - 5*k, -2*x = -2*k. Let v be 248/3 - (-6)/27*-3. Suppose x = 79*z - v*z + 399. List the prime factors of z.
7, 19
Suppose -5*a - 2*c - 191 = 0, 4*a + 119 = a + c. Let m = 71 + a. Let q = -23 + m. What are the prime factors of q?
3
Suppose 0 = 2*s + 2, -5*j = -2*s - 2 - 5. Let m be ((-66)/15)/(j/(-1 - -26)). Let l = m - -224. What are the prime factors of l?
2, 3, 19
List the prime factors of -30*29/(754/(-32435)).
3, 5, 499
Let n(i) = 1673*i + 15. Suppose d + 1 = 2*d. What are the prime factors of n(d)?
2, 211
List the prime factors of -3*21/14*-600.
2, 3, 5
Let y = 1592 + -845. Suppose 0 = -2*p - 3*p - 5, 2*u = p + y. List the prime factors of u.
373
Let c = 1920 - -4764. What are the prime factors of c?
2, 3, 557
Suppose -2*r - 13374 = -2*x, x = -718*r + 717*r + 6685. List the prime factors of x.
2, 3343
Let 